{"id":333,"date":"2023-11-08T13:41:06","date_gmt":"2023-11-08T13:41:06","guid":{"rendered":"https:\/\/archresci.pwr.edu.pl\/?page_id=333"},"modified":"2026-04-09T17:05:15","modified_gmt":"2026-04-09T17:05:15","slug":"kontakt","status":"publish","type":"page","link":"https:\/\/archresci.pwr.edu.pl\/?page_id=333","title":{"rendered":"Kontakt"},"content":{"rendered":"\n<p class=\"has-large-font-size\"><strong>Sekretariaty:<\/strong><\/p>\n\n\n\n<p class=\"has-large-font-size\"><em>Pozna\u0144<\/em><\/p>\n\n\n\n<p class=\"has-normal-font-size\">Wydzia\u0142 Architektury Politechniki Pozna\u0144skiej, <\/p>\n\n\n\n<p class=\"has-normal-font-size\">ul. Jacka Rychlewskiego 2<\/p>\n\n\n\n<p>archresci2026@gmail.com<\/p>\n\n\n\n<p>Wydzia\u0142 Architektury Politechniki Pozna\u0144skiej mie\u015bci si\u0119 przy ul. Jacka Rychlewskiego 2 w Poznaniu.<\/p>\n\n\n\n<p><em>Dojazd:<\/em><\/p>\n\n\n\n<p>Samochodem najlepiej kierowa\u0107 si\u0119 bezpo\u015brednio na ten adres. Prosz\u0119 zwr\u00f3ci\u0107 uwag\u0119 na niedogodno\u015bci zwi\u0105zane z remontem Mostu Chrobrego.&nbsp;<\/p>\n\n\n\n<p>Tramwajem najwygodniej dojecha\u0107 do przystanku \u2018Politechnika\u2019 lub \u2018Baraniaka\u2019. Z rejonu dworca Pozna\u0144 G\u0142\u00f3wny dogodne jest po\u0142\u0105czenie lini\u0105 5 w kierunku Zawady.&nbsp;<\/p>\n\n\n<div id=\"wpgmza_map\" class=\"wpgmza_map\" data-settings='{\"id\":\"1\",\"map_title\":\"mapka\",\"map_width\":\"100\",\"map_height\":\"500\",\"map_start_lat\":\"52.40637480000004\",\"map_start_lng\":\"16.9519581\",\"map_start_location\":\"45.950464398418106,-109.81550500000003\",\"map_start_zoom\":\"16\",\"default_marker\":\"\",\"type\":\"0\",\"alignment\":\"4\",\"directions_enabled\":\"0\",\"styling_enabled\":\"0\",\"styling_json\":\"\",\"active\":\"0\",\"kml\":\"\",\"bicycle\":\"0\",\"traffic\":\"0\",\"dbox\":\"0\",\"dbox_width\":\"\",\"listmarkers\":\"0\",\"listmarkers_advanced\":\"0\",\"filterbycat\":\"0\",\"ugm_enabled\":\"0\",\"ugm_category_enabled\":\"0\",\"fusion\":\"\",\"map_width_type\":\"%\",\"map_height_type\":\"px\",\"mass_marker_support\":\"0\",\"ugm_access\":\"0\",\"order_markers_by\":\"0\",\"order_markers_choice\":\"0\",\"show_user_location\":\"0\",\"default_to\":\"\",\"other_settings\":{\"map_type\":1,\"sl_stroke_color\":\"\",\"sl_fill_color\":\"\",\"sl_stroke_opacity\":\"\",\"sl_fill_opacity\":\"\",\"transport_layer\":false,\"action\":\"wpgmza_save_map\",\"redirect_to\":\"\\\/wp-admin\\\/admin-post.php\",\"map_id\":\"1\",\"http_referer\":\"\\\/wp-admin\\\/admin.php?page=wp-google-maps-menu&amp;amp;action=edit&amp;amp;map_id=1\",\"wpgmza_id\":\"1\",\"wpgmza_start_location\":\"52.40637480000004,16.9519581\",\"wpgmza_start_zoom\":\"16\",\"store_locator_enabled\":false,\"store_locator_search_area\":\"radial\",\"wpgmza_store_locator_radius_style\":\"legacy\",\"wpgmza_store_locator_default_radius\":\"10\",\"store_locator_auto_area_max_zoom\":\"\",\"store_locator_distance\":false,\"wpgmza_store_locator_position\":false,\"store_locator_show_distance\":false,\"store_locator_category\":false,\"wpgmza_store_locator_use_their_location\":false,\"wpgmza_store_locator_bounce\":false,\"wpgmza_sl_animation\":null,\"wpgmza_store_locator_hide_before_search\":false,\"store_locator_query_string\":\"\",\"store_locator_location_placeholder\":\"\",\"store_locator_default_address\":\"\",\"store_locator_name_search\":false,\"store_locator_name_string\":\"\",\"store_locator_not_found_message\":\"\",\"wpgmza_map_align\":\"1\",\"jump_to_nearest_marker_on_initialization\":false,\"automatically_pan_to_users_location\":false,\"override_users_location_zoom_level\":false,\"override_users_location_zoom_levels\":\"\",\"show_distance_from_location\":false,\"map_max_zoom\":\"21\",\"map_min_zoom\":\"0\",\"click_open_link\":false,\"fit_maps_bounds_to_markers\":false,\"fit_maps_bounds_to_markers_after_filtering\":false,\"hide_point_of_interest\":false,\"wpgmza_zoom_on_marker_click\":false,\"wpgmza_zoom_on_marker_click_slider\":\"\",\"close_infowindow_on_map_click\":false,\"disable_lightbox_images\":false,\"use_Raw_Jpeg_Coordinates\":false,\"disable_polygon_info_windows\":false,\"enable_marker_ratings\":false,\"only_load_markers_within_viewport\":false,\"iw_primary_color\":\"#000000\",\"iw_accent_color\":\"#000000\",\"iw_text_color\":\"#000000\",\"wpgmza_listmarkers_by\":\"0\",\"wpgmza_marker_listing_position\":false,\"zoom_level_on_marker_listing_override\":false,\"zoom_level_on_marker_listing_click\":\"\",\"marker_listing_disable_zoom\":false,\"datatable_no_result_message\":\"\",\"remove_search_box_datables\":false,\"dataTable_pagination_style\":null,\"datatable_search_string\":\"\",\"datatable_result_start\":\"\",\"datatable_result_of\":\"\",\"datatable_result_to\":\"\",\"datatable_result_total\":\"\",\"datatable_result_show\":\"\",\"datatable_result_entries\":\"\",\"wpgmza_savemap\":\"Zapisz map\\u0119 \\u00bb\",\"enable_marker_labels\":false,\"zoom_level_mobile_override_enabled\":false,\"zoom_level_mobile_override\":\"\"}}' data-map-id='1' Data-maps-engine='open-layers' data-shortcode-attributes='{\"id\":\"1\"}' style=\"display:block; overflow:auto; width:100%; height:500px; float:left;\"><\/div>\n\n\n<p class=\"has-large-font-size\"><em>Wroc\u0142aw<\/em><\/p>\n\n\n\n<p class=\"has-normal-font-size\">Wydzia\u0142 Architektury Politechniki Wroc\u0142awskiej, ul. Boles\u0142awa Prusa 53\/55, 50-316 Wroc\u0142aw, Polska<\/p>\n\n\n\n<p><a href=\"http:\/\/archresci.pwr.edu.pl\">http:\/\/archresci.pwr.edu.pl<\/a><\/p>\n\n\n\n<p><a href=\"mailto:archresci@pwr.edu.pl\">archresci@pwr.edu.pl<\/a><\/p>\n\n\n\n<figure class=\"wp-block-image size-full\"><img loading=\"lazy\" decoding=\"async\" width=\"610\" height=\"499\" src=\"https:\/\/archresci.pwr.edu.pl\/wp-content\/uploads\/2025\/11\/mapkawa.png\" alt=\"\" class=\"wp-image-1021\" srcset=\"https:\/\/archresci.pwr.edu.pl\/wp-content\/uploads\/2025\/11\/mapkawa.png 610w, https:\/\/archresci.pwr.edu.pl\/wp-content\/uploads\/2025\/11\/mapkawa-300x245.png 300w\" sizes=\"auto, (max-width: 610px) 100vw, 610px\" \/><\/figure>\n","protected":false},"excerpt":{"rendered":"<p>Sekretariaty: Pozna\u0144 Wydzia\u0142 Architektury Politechniki Pozna\u0144skiej, ul. Jacka Rychlewskiego 2 archresci2026@gmail.com Wydzia\u0142 Architektury Politechniki Pozna\u0144skiej mie\u015bci si\u0119 przy ul. Jacka Rychlewskiego 2 w Poznaniu. Dojazd: Samochodem najlepiej kierowa\u0107 si\u0119 bezpo\u015brednio na ten adres. Prosz\u0119 zwr\u00f3ci\u0107 uwag\u0119 na niedogodno\u015bci zwi\u0105zane z remontem Mostu Chrobrego.&nbsp; Tramwajem najwygodniej dojecha\u0107 do przystanku \u2018Politechnika\u2019 lub \u2018Baraniaka\u2019. Z rejonu dworca Pozna\u0144&hellip; <a class=\"more-link\" href=\"https:\/\/archresci.pwr.edu.pl\/?page_id=333\">Czytaj dalej <span class=\"screen-reader-text\">Kontakt<\/span><\/a><\/p>\n","protected":false},"author":1,"featured_media":0,"parent":0,"menu_order":0,"comment_status":"closed","ping_status":"closed","template":"","meta":{"_eb_attr":"","footnotes":""},"class_list":["post-333","page","type-page","status-publish","hentry","entry"],"_links":{"self":[{"href":"https:\/\/archresci.pwr.edu.pl\/index.php?rest_route=\/wp\/v2\/pages\/333","targetHints":{"allow":["GET"]}}],"collection":[{"href":"https:\/\/archresci.pwr.edu.pl\/index.php?rest_route=\/wp\/v2\/pages"}],"about":[{"href":"https:\/\/archresci.pwr.edu.pl\/index.php?rest_route=\/wp\/v2\/types\/page"}],"author":[{"embeddable":true,"href":"https:\/\/archresci.pwr.edu.pl\/index.php?rest_route=\/wp\/v2\/users\/1"}],"replies":[{"embeddable":true,"href":"https:\/\/archresci.pwr.edu.pl\/index.php?rest_route=%2Fwp%2Fv2%2Fcomments&post=333"}],"version-history":[{"count":22,"href":"https:\/\/archresci.pwr.edu.pl\/index.php?rest_route=\/wp\/v2\/pages\/333\/revisions"}],"predecessor-version":[{"id":1125,"href":"https:\/\/archresci.pwr.edu.pl\/index.php?rest_route=\/wp\/v2\/pages\/333\/revisions\/1125"}],"wp:attachment":[{"href":"https:\/\/archresci.pwr.edu.pl\/index.php?rest_route=%2Fwp%2Fv2%2Fmedia&parent=333"}],"curies":[{"name":"wp","href":"https:\/\/api.w.org\/{rel}","templated":true}]}}