{"id":306,"date":"2023-11-05T22:48:52","date_gmt":"2023-11-05T22:48:52","guid":{"rendered":"https:\/\/archresci.pwr.edu.pl\/?page_id=306"},"modified":"2025-10-28T14:42:06","modified_gmt":"2025-10-28T14:42:06","slug":"archiwum-konferencji","status":"publish","type":"page","link":"https:\/\/archresci.pwr.edu.pl\/?page_id=306","title":{"rendered":"Archiwum"},"content":{"rendered":"\n<p class=\"has-text-align-center\">W niniejszej sekcji zamieszczono informacje z poprzednich edycji konferencji ArchReSci. <\/p>\n\n\n\n<figure class=\"wp-block-image size-large\"><img loading=\"lazy\" decoding=\"async\" width=\"1024\" height=\"768\" src=\"https:\/\/archresci.pwr.edu.pl\/wp-content\/uploads\/2025\/10\/20240420_124818-1-1024x768.jpg\" alt=\"\" class=\"wp-image-861\" srcset=\"https:\/\/archresci.pwr.edu.pl\/wp-content\/uploads\/2025\/10\/20240420_124818-1-1024x768.jpg 1024w, https:\/\/archresci.pwr.edu.pl\/wp-content\/uploads\/2025\/10\/20240420_124818-1-300x225.jpg 300w, https:\/\/archresci.pwr.edu.pl\/wp-content\/uploads\/2025\/10\/20240420_124818-1-768x576.jpg 768w, https:\/\/archresci.pwr.edu.pl\/wp-content\/uploads\/2025\/10\/20240420_124818-1-1536x1152.jpg 1536w, https:\/\/archresci.pwr.edu.pl\/wp-content\/uploads\/2025\/10\/20240420_124818-1-2048x1536.jpg 2048w, https:\/\/archresci.pwr.edu.pl\/wp-content\/uploads\/2025\/10\/20240420_124818-1-1568x1176.jpg 1568w\" sizes=\"auto, (max-width: 1024px) 100vw, 1024px\" \/><\/figure>\n\n\n\n<p class=\"has-text-align-center has-extra-small-font-size\">Zako\u0144czenie obrad konferencji ArchReSci_2024 w dniu 20. 04. 2024 roku we wn\u0119trzu &nbsp;gmachu Wydzia\u0142u Architektury Politechniki Wroc\u0142awskiej.<\/p>\n\n\n\n<p><\/p>\n","protected":false},"excerpt":{"rendered":"<p>W niniejszej sekcji zamieszczono informacje z poprzednich edycji konferencji ArchReSci. Zako\u0144czenie obrad konferencji ArchReSci_2024 w dniu 20. 04. 2024 roku we wn\u0119trzu &nbsp;gmachu Wydzia\u0142u Architektury Politechniki Wroc\u0142awskiej.<\/p>\n","protected":false},"author":2,"featured_media":0,"parent":0,"menu_order":0,"comment_status":"closed","ping_status":"closed","template":"","meta":{"_eb_attr":"","footnotes":""},"class_list":["post-306","page","type-page","status-publish","hentry","entry"],"_links":{"self":[{"href":"https:\/\/archresci.pwr.edu.pl\/index.php?rest_route=\/wp\/v2\/pages\/306","targetHints":{"allow":["GET"]}}],"collection":[{"href":"https:\/\/archresci.pwr.edu.pl\/index.php?rest_route=\/wp\/v2\/pages"}],"about":[{"href":"https:\/\/archresci.pwr.edu.pl\/index.php?rest_route=\/wp\/v2\/types\/page"}],"author":[{"embeddable":true,"href":"https:\/\/archresci.pwr.edu.pl\/index.php?rest_route=\/wp\/v2\/users\/2"}],"replies":[{"embeddable":true,"href":"https:\/\/archresci.pwr.edu.pl\/index.php?rest_route=%2Fwp%2Fv2%2Fcomments&post=306"}],"version-history":[{"count":7,"href":"https:\/\/archresci.pwr.edu.pl\/index.php?rest_route=\/wp\/v2\/pages\/306\/revisions"}],"predecessor-version":[{"id":888,"href":"https:\/\/archresci.pwr.edu.pl\/index.php?rest_route=\/wp\/v2\/pages\/306\/revisions\/888"}],"wp:attachment":[{"href":"https:\/\/archresci.pwr.edu.pl\/index.php?rest_route=%2Fwp%2Fv2%2Fmedia&parent=306"}],"curies":[{"name":"wp","href":"https:\/\/api.w.org\/{rel}","templated":true}]}}