{"id":127,"date":"2023-03-17T18:06:29","date_gmt":"2023-03-17T18:06:29","guid":{"rendered":"https:\/\/archresci.pwr.edu.pl\/?page_id=127"},"modified":"2023-11-05T22:35:26","modified_gmt":"2023-11-05T22:35:26","slug":"program-23-25-iii-2023","status":"publish","type":"page","link":"https:\/\/archresci.pwr.edu.pl\/?page_id=127","title":{"rendered":"Program 23-25 III 2023"},"content":{"rendered":"\n<p class=\"has-text-align-center has-extra-large-font-size\"><strong>PROGRAM<\/strong><\/p>\n\n\n\n<p class=\"has-large-font-size\"><strong>23 marca 2023 (obrady on line)<\/strong><\/p>\n\n\n\n<p>10:00 Powitanie uczestnik\u00f3w i rozpocz\u0119cie obrad<br>10.10 prof. dr hab. in\u017c. arch. <strong>Aleksander Piwek<\/strong>, Kaplica przy ko\u015bciele \u015bw. J\u00f3zefa w Gda\u0144sku<br>10.30 dr hab. in\u017c. arch., <strong>Anna Boj\u0119\u015b-Bia\u0142asik<\/strong> ,prof. PK, mgr archeologii Monika \u0141yczak , P\u00f3\u017anoroma\u0144ski portal<br>ko\u015bcio\u0142a ss norbertanek w Krakowie \u2013 interwencyjne rozpoznanie archeologiczno-architektoniczne<br>10:50 mgr <strong>Natalia Wa\u0142doch<\/strong>, Kolorystyka i ozdobne opracowanie fach\u00f3w sakralnej architektury szkieletowej<br>Pomorza Zachodniego w dobie nowo\u017cytnej<br>11:10 kustosz mgr <strong>Anna Ma\u015blak<\/strong>, mgr Magdalena Kumorowicz-Brzeska, mgr Beata Zarzycka, XVIII-wieczny<br>ko\u015bci\u00f3\u0142 w Gorzycy w \u015bwietle bada\u0144 historyczno-architektonicznych<br>11:30 dr hab. <strong>Micha\u0142 Pszcz\u00f3\u0142kowski,<\/strong> Budowa kolonii urz\u0119dniczych na ziemiach wschodnich II Rzeczypospolitej&#8221; projekt badawczy w stulecie programu Ministerstwa Rob\u00f3t Publicznych<br>11.50 dr in\u017c. arch. kraj. <strong>Katarzyna Pi\u0105d\u0142owska<\/strong>, W poszukiwaniu to\u017csamo\u015bci Warszawy<br>12:10 mgr in\u017c. arch. <strong>Iwona Krawiec<\/strong>, Analiza przekszta\u0142ce\u0144 zabudowy g\u0142\u00f3wnych ulic historycznej Nowej Pragi.<br>Ulice \u015arodkowa i Stalowa w Warszawie \u2013 historia, architektura i dalsze perspektywy rozwoju<br>12:30 Dyskusja<br>12:50 prof. <strong>Robert Hirsch<\/strong>, mgr in\u017c. arch. <strong>Arkadiusz Wo\u017aniakowski<\/strong>, Problematyka bada\u0144 XIX-wiecznej<br>architektury obronnej z wykorzystaniem tradycyjnych i cyfrowych metod badawczych na przyk\u0142adach<br>umocnie\u0144 nadbrze\u017cnych z obszaru Polski<br>13:10 prof. dr hab. in\u017c. arch. <strong>Waldemar Marz\u0119cki<\/strong>, Kalkulator zgodno\u015bci<br>13:10 dr in\u017c. arch. <strong>Klara Kantorowicz<\/strong>, Wykorzystanie metod cyfrowych w dokumentacji zabytkowej<br>architektury drewnianej na przyk\u0142adzie inwentaryzacji ko\u015bcio\u0142\u00f3w w Ma\u0142opolsce Zachodniej<br>13:30 dr in\u017c. arch. <strong>Micha\u0142 Kwasek<\/strong>, \u017beliwne rze\u017aby miejskie &#8211; zapomniane pi\u0119kno<br>13:50 mgr in\u017c. arch. <strong>Micha\u0142 Pieczka<\/strong>, Architektura i Narracja &#8211; Wsp\u00f3\u0142czesne Muzea Biograficzne<br>14:10 MSc Architect <strong>Cansu Iraz Seyrek<\/strong>, Vegetated kinetic facades<br>14:30 Dyskusja i zako\u0144czenie drugiego dnia obrad<\/p>\n\n\n\n<p class=\"has-large-font-size\"><strong>24 marca 2023 (obrady on line)<\/strong><\/p>\n\n\n\n<p>10:00 Powitanie uczestnik\u00f3w i rozpocz\u0119cie obrad<br>10:10 mgr in\u017c. arch. <strong>Aleksandra Lewicka<\/strong>, Plan ochrony parku kulturowego jako narz\u0119dzie przeciwdzia\u0142aj\u0105ce<br>wsp\u00f3\u0142czesnym zniekszta\u0142ceniom zabytkowego krajobrazu kulturowego na przyk\u0142adzie zespo\u0142u opactwa w<br>Henrykowie<br>10:30 mgr in\u017c. arch. <strong>Aleksander Sojka<\/strong>, Formalno-prawne struktury zarz\u0105dzania zabytkami gminnymi<br>10:50 mgr in\u017c. arch. <strong>Agata Wo\u017aniczka,<\/strong> Wp\u0142yw inicjatyw politycznych na projektowanie przestrzeni<br>publicznych na przyk\u0142adzie Nowego Europejskiego Bauhausu<br>11:10 Dyskusja<br>11:50 prof. ing. <strong>Martina Pe\u0159inkov\u00e1<\/strong>, dr hab. in\u017c. arch. <strong>Tomasz Wagner<\/strong>, dr hab. in\u017c. arch. <strong>Sebastian Wr\u00f3blewski<\/strong>,prof.PWr, mgr in\u017c. arch. <strong>Przemys\u0142aw Gaw\u0119da<\/strong>, Industrial heritage and art. Contemporary<br>adaptions of post-industrial architecture in regions of Silesia and Zag\u0142\u0119bie<br>12:10 dr hab. in\u017c. arch. <strong>Joanna Jab\u0142o\u0144ska<\/strong>, prof. PWr, dr hab. in\u017c. arch. <strong>Krzysztof Szulc,<\/strong> Zagospodarowanie<br>przestrzeni zabytkowej kamienicy na wsp\u00f3\u0142czesn\u0105, kameraln\u0105 sal\u0119 koncertow\u0105<br>12:30 mgr in\u017c. arch. Tomasz B\u0142yskosz, Znaczenie bada\u0144 architektonicznych w obiektach poprzemys\u0142owych na<br>przyk\u0142adzie budynku dawnej remizy Stoczni Gda\u0144skiej<br>12:50 mgr in\u017c. <strong>Pawe\u0142 Mieros\u0142awski<\/strong>, Z praktyki adaptacji obiektu poprzemys\u0142owego na muzeum techniczne<br>13:10 dr in\u017c. arch. <strong>Agnieszka Adamska-Idzikowska<\/strong>, Adaptacje zabytkowych zamk\u00f3w i pa\u0142ac\u00f3w wojew\u00f3dztwa<br>dolno\u015bl\u0105skiego na wsp\u00f3\u0142czesne hotele<br>13:30 mgr. in\u017c. arch. <strong>Aleksandra Kr\u0119t-Grze\u015bkowiak<\/strong>, Budynek jako element Gospodarki Obiegu Zamkni\u0119tego &#8211;<br>potencja\u0142 wdro\u017cenia w sektorze prefabrykowanych modu\u0142\u00f3w mieszkaniowych<br>13:50 mgr in\u017c. arch. <strong>Agata Jasio\u0142ek<\/strong>, \u015arodowiskowa ocena cyklu \u017cycia produktu (LCA) jako narz\u0119dzie<br>wspieraj\u0105ce projektowanie architektury zr\u00f3wnowa\u017conej<br>14.10 mgr in\u017c. arch. <strong>Marcelina Terelak<\/strong>, Potencja\u0142 nurtu Open Building jako szansa na zmian\u0119 strategii rozwoju zasobu komunalnego w Polsce.<br>14:30 Dyskusja i zako\u0144czenie drugiego dnia obrad<\/p>\n\n\n\n<p class=\"has-large-font-size\"><strong>24 marca 2023 (obrady stacjonarne i on line)<\/strong><\/p>\n\n\n\n<p>10:00 Powitanie uczestnik\u00f3w i rozpocz\u0119cie obrad<br>10:20 dr hab. in\u017c. arch. <strong>Andrzej Legendziewicz<\/strong>, prof. PWr, P\u00f3\u017anoroma\u0144ski ko\u015bci\u00f3\u0142 kolegiacki w Opolu w<br>\u015bwietle najnowszych bada\u0144<br>10:40 dr in\u017c. arch. <strong>Rafa\u0142 Karnicki<\/strong>, Wykorzystanie odwzorowa\u0144 fotogrametrycznych w praktyce projektowej i<br>realizacyjnej.<br>11:00 dr in\u017c. arch, <strong>Marta Rusnak<\/strong>, dr hab. in\u017c <strong>Rafa\u0142<\/strong> <strong>Krupi\u0144ski<\/strong>, (wsp\u00f3\u0142autorzy: prof. W. \u017bagan, R. Krupi\u0144ski,<br>M.Szmigiel, M. Geniusz), Zasady iluminacji zabytk\u00f3w okiem nieprofesjonalist\u00f3w &#8211; badania pilota\u017cowe<br>11:20 Dyskusja i przerwa<br>11.50 prof. dr hab. in\u017c. arch. <strong>Ewa<\/strong> <strong>\u0141u\u017cyniecka<\/strong>, Architektoniczna jednostka stratygraficzna<br>12.10 mgr i\u017c. arch. <strong>Alicja Hoyenski<\/strong>, Ko\u015bci\u00f3\u0142 \u015bw. Wincentego i Jakuba we Wroc\u0142awiu \u2013 podsumowanie bada\u0144<br>12:30 mgr in\u017c. arch. <strong>Franciszek Hackemer<\/strong>, Badania architektoniczne krypty w ko\u015bciele \u015bw. El\u017cbiety we Wroc\u0142awiu<br>12:50 dr hab. <strong>Joanna Kucharzewska<\/strong>, prof. UMK, Budynki przy ul. Franciszka\u0144skiej 14 i Fosa Staromiejska 24<br>w Toruniu w \u015bwietle bada\u0144 architektonicznych i kwerend \u017ar\u00f3d\u0142owych<br>13.10 dr <strong>Maciej Prarat<\/strong>, Wie\u017ca Ratusza Staromiejskiego w Toruniu \u2013 przekszta\u0142cenia budowlane w \u015bwietle<br>bada\u0144 architektonicznych<br>13.50 dr in\u017c. arch. <strong>Ma\u0142gorzata Doroz-Turek<\/strong>, dr <strong>Kamil Rabiega<\/strong>, mgr <strong>Justyna Kami\u0144ska<\/strong>, Wyniki najnowszych<br>bada\u0144 interdyscyplinarnych przeprowadzonych w ko\u015bciele \u015bw. Jakuba w Sandomierzu<br>14.10 Przerwa i dyskusja<br>14:30 dr hab. <strong>Barbara Widera<\/strong>, prof. PWr, Tradycja i nowatorstwo willi Alberta Einsteina w Caputh (1929)<br>14.50 dr hab. <strong>Ulrich Schaaf<\/strong>, prof. UMK, Prefabrykowana przez firm\u0119 Christoph &amp; Unmack dawna willa<br>Waltera Hentschla na ul. Chopina 26 we Wroc\u0142awiu. Dzieje jej budowy i technika budowlana w \u015bwietle<br>bada\u0144 architektonicznych<br>15:10 dr in\u017c. arch. <strong>Zygmunt \u0141uniewicz<\/strong>, Blanki, korony i latarnia na Faros \u2013 problem istnienia \u201eGrupy&#8221; wczesnosnowo\u017cytnych zwie\u0144cze\u0144 wie\u017cowych<br>15.30 dr in\u017c. arch. <strong>Inna Abramiuk<\/strong>, Modernizm w architekturze Gorzowa Wielkopolskiego<br>15.50 mgr <strong>Szymon Bakalarczyk<\/strong>, Pa\u0142ac Lenhndorff\u00f3w w Sztynorcie &#8211; aktualny stan bada\u0144 i problematyka<br>konserwatorska stan bada\u0144 oraz prace konsewatorsko-budowlane<br>16.10 Zako\u0144czenie konferencji<\/p>\n\n\n\n<p><\/p>\n","protected":false},"excerpt":{"rendered":"<p>PROGRAM 23 marca 2023 (obrady on line) 10:00 Powitanie uczestnik\u00f3w i rozpocz\u0119cie obrad10.10 prof. dr hab. in\u017c. arch. Aleksander Piwek, Kaplica przy ko\u015bciele \u015bw. J\u00f3zefa w Gda\u0144sku10.30 dr hab. in\u017c. arch., Anna Boj\u0119\u015b-Bia\u0142asik ,prof. PK, mgr archeologii Monika \u0141yczak , P\u00f3\u017anoroma\u0144ski portalko\u015bcio\u0142a ss norbertanek w Krakowie \u2013 interwencyjne rozpoznanie archeologiczno-architektoniczne10:50 mgr Natalia Wa\u0142doch, Kolorystyka i&hellip; <a class=\"more-link\" href=\"https:\/\/archresci.pwr.edu.pl\/?page_id=127\">Czytaj dalej <span class=\"screen-reader-text\">Program 23-25 III 2023<\/span><\/a><\/p>\n","protected":false},"author":1,"featured_media":0,"parent":0,"menu_order":0,"comment_status":"closed","ping_status":"closed","template":"","meta":{"_eb_attr":"","footnotes":""},"class_list":["post-127","page","type-page","status-publish","hentry","entry"],"_links":{"self":[{"href":"https:\/\/archresci.pwr.edu.pl\/index.php?rest_route=\/wp\/v2\/pages\/127","targetHints":{"allow":["GET"]}}],"collection":[{"href":"https:\/\/archresci.pwr.edu.pl\/index.php?rest_route=\/wp\/v2\/pages"}],"about":[{"href":"https:\/\/archresci.pwr.edu.pl\/index.php?rest_route=\/wp\/v2\/types\/page"}],"author":[{"embeddable":true,"href":"https:\/\/archresci.pwr.edu.pl\/index.php?rest_route=\/wp\/v2\/users\/1"}],"replies":[{"embeddable":true,"href":"https:\/\/archresci.pwr.edu.pl\/index.php?rest_route=%2Fwp%2Fv2%2Fcomments&post=127"}],"version-history":[{"count":2,"href":"https:\/\/archresci.pwr.edu.pl\/index.php?rest_route=\/wp\/v2\/pages\/127\/revisions"}],"predecessor-version":[{"id":133,"href":"https:\/\/archresci.pwr.edu.pl\/index.php?rest_route=\/wp\/v2\/pages\/127\/revisions\/133"}],"wp:attachment":[{"href":"https:\/\/archresci.pwr.edu.pl\/index.php?rest_route=%2Fwp%2Fv2%2Fmedia&parent=127"}],"curies":[{"name":"wp","href":"https:\/\/api.w.org\/{rel}","templated":true}]}}

<p class="has-text-align-center has-extra-large-font-size"><strong>PROGRAM</strong></p>



<p class="has-large-font-size"><strong>23 marca 2023 (obrady on line)</strong></p>



<p>10:00 Powitanie uczestników i rozpoczęcie obrad<br>10.10 prof. dr hab. inż. arch. <strong>Aleksander Piwek</strong>, Kaplica przy kościele św. Józefa w Gdańsku<br>10.30 dr hab. inż. arch., <strong>Anna Bojęś-Białasik</strong> ,prof. PK, mgr archeologii Monika Łyczak , Późnoromański portal<br>kościoła ss norbertanek w Krakowie – interwencyjne rozpoznanie archeologiczno-architektoniczne<br>10:50 mgr <strong>Natalia Wałdoch</strong>, Kolorystyka i ozdobne opracowanie fachów sakralnej architektury szkieletowej<br>Pomorza Zachodniego w dobie nowożytnej<br>11:10 kustosz mgr <strong>Anna Maślak</strong>, mgr Magdalena Kumorowicz-Brzeska, mgr Beata Zarzycka, XVIII-wieczny<br>kościół w Gorzycy w świetle badań historyczno-architektonicznych<br>11:30 dr hab. <strong>Michał Pszczółkowski,</strong> Budowa kolonii urzędniczych na ziemiach wschodnich II Rzeczypospolitej&#8221; projekt badawczy w stulecie programu Ministerstwa Robót Publicznych<br>11.50 dr inż. arch. kraj. <strong>Katarzyna Piądłowska</strong>, W poszukiwaniu tożsamości Warszawy<br>12:10 mgr inż. arch. <strong>Iwona Krawiec</strong>, Analiza przekształceń zabudowy głównych ulic historycznej Nowej Pragi.<br>Ulice Środkowa i Stalowa w Warszawie – historia, architektura i dalsze perspektywy rozwoju<br>12:30 Dyskusja<br>12:50 prof. <strong>Robert Hirsch</strong>, mgr inż. arch. <strong>Arkadiusz Woźniakowski</strong>, Problematyka badań XIX-wiecznej<br>architektury obronnej z wykorzystaniem tradycyjnych i cyfrowych metod badawczych na przykładach<br>umocnień nadbrzeżnych z obszaru Polski<br>13:10 prof. dr hab. inż. arch. <strong>Waldemar Marzęcki</strong>, Kalkulator zgodności<br>13:10 dr inż. arch. <strong>Klara Kantorowicz</strong>, Wykorzystanie metod cyfrowych w dokumentacji zabytkowej<br>architektury drewnianej na przykładzie inwentaryzacji kościołów w Małopolsce Zachodniej<br>13:30 dr inż. arch. <strong>Michał Kwasek</strong>, Żeliwne rzeźby miejskie &#8211; zapomniane piękno<br>13:50 mgr inż. arch. <strong>Michał Pieczka</strong>, Architektura i Narracja &#8211; Współczesne Muzea Biograficzne<br>14:10 MSc Architect <strong>Cansu Iraz Seyrek</strong>, Vegetated kinetic facades<br>14:30 Dyskusja i zakończenie drugiego dnia obrad</p>



<p class="has-large-font-size"><strong>24 marca 2023 (obrady on line)</strong></p>



<p>10:00 Powitanie uczestników i rozpoczęcie obrad<br>10:10 mgr inż. arch. <strong>Aleksandra Lewicka</strong>, Plan ochrony parku kulturowego jako narzędzie przeciwdziałające<br>współczesnym zniekształceniom zabytkowego krajobrazu kulturowego na przykładzie zespołu opactwa w<br>Henrykowie<br>10:30 mgr inż. arch. <strong>Aleksander Sojka</strong>, Formalno-prawne struktury zarządzania zabytkami gminnymi<br>10:50 mgr inż. arch. <strong>Agata Woźniczka,</strong> Wpływ inicjatyw politycznych na projektowanie przestrzeni<br>publicznych na przykładzie Nowego Europejskiego Bauhausu<br>11:10 Dyskusja<br>11:50 prof. ing. <strong>Martina Peřinková</strong>, dr hab. inż. arch. <strong>Tomasz Wagner</strong>, dr hab. inż. arch. <strong>Sebastian Wróblewski</strong>,prof.PWr, mgr inż. arch. <strong>Przemysław Gawęda</strong>, Industrial heritage and art. Contemporary<br>adaptions of post-industrial architecture in regions of Silesia and Zagłębie<br>12:10 dr hab. inż. arch. <strong>Joanna Jabłońska</strong>, prof. PWr, dr hab. inż. arch. <strong>Krzysztof Szulc,</strong> Zagospodarowanie<br>przestrzeni zabytkowej kamienicy na współczesną, kameralną salę koncertową<br>12:30 mgr inż. arch. Tomasz Błyskosz, Znaczenie badań architektonicznych w obiektach poprzemysłowych na<br>przykładzie budynku dawnej remizy Stoczni Gdańskiej<br>12:50 mgr inż. <strong>Paweł Mierosławski</strong>, Z praktyki adaptacji obiektu poprzemysłowego na muzeum techniczne<br>13:10 dr inż. arch. <strong>Agnieszka Adamska-Idzikowska</strong>, Adaptacje zabytkowych zamków i pałaców województwa<br>dolnośląskiego na współczesne hotele<br>13:30 mgr. inż. arch. <strong>Aleksandra Kręt-Grześkowiak</strong>, Budynek jako element Gospodarki Obiegu Zamkniętego &#8211;<br>potencjał wdrożenia w sektorze prefabrykowanych modułów mieszkaniowych<br>13:50 mgr inż. arch. <strong>Agata Jasiołek</strong>, Środowiskowa ocena cyklu życia produktu (LCA) jako narzędzie<br>wspierające projektowanie architektury zrównoważonej<br>14.10 mgr inż. arch. <strong>Marcelina Terelak</strong>, Potencjał nurtu Open Building jako szansa na zmianę strategii rozwoju zasobu komunalnego w Polsce.<br>14:30 Dyskusja i zakończenie drugiego dnia obrad</p>



<p class="has-large-font-size"><strong>24 marca 2023 (obrady stacjonarne i on line)</strong></p>



<p>10:00 Powitanie uczestników i rozpoczęcie obrad<br>10:20 dr hab. inż. arch. <strong>Andrzej Legendziewicz</strong>, prof. PWr, Późnoromański kościół kolegiacki w Opolu w<br>świetle najnowszych badań<br>10:40 dr inż. arch. <strong>Rafał Karnicki</strong>, Wykorzystanie odwzorowań fotogrametrycznych w praktyce projektowej i<br>realizacyjnej.<br>11:00 dr inż. arch, <strong>Marta Rusnak</strong>, dr hab. inż <strong>Rafał</strong> <strong>Krupiński</strong>, (współautorzy: prof. W. Żagan, R. Krupiński,<br>M.Szmigiel, M. Geniusz), Zasady iluminacji zabytków okiem nieprofesjonalistów &#8211; badania pilotażowe<br>11:20 Dyskusja i przerwa<br>11.50 prof. dr hab. inż. arch. <strong>Ewa</strong> <strong>Łużyniecka</strong>, Architektoniczna jednostka stratygraficzna<br>12.10 mgr iż. arch. <strong>Alicja Hoyenski</strong>, Kościół św. Wincentego i Jakuba we Wrocławiu – podsumowanie badań<br>12:30 mgr inż. arch. <strong>Franciszek Hackemer</strong>, Badania architektoniczne krypty w kościele św. Elżbiety we Wrocławiu<br>12:50 dr hab. <strong>Joanna Kucharzewska</strong>, prof. UMK, Budynki przy ul. Franciszkańskiej 14 i Fosa Staromiejska 24<br>w Toruniu w świetle badań architektonicznych i kwerend źródłowych<br>13.10 dr <strong>Maciej Prarat</strong>, Wieża Ratusza Staromiejskiego w Toruniu – przekształcenia budowlane w świetle<br>badań architektonicznych<br>13.50 dr inż. arch. <strong>Małgorzata Doroz-Turek</strong>, dr <strong>Kamil Rabiega</strong>, mgr <strong>Justyna Kamińska</strong>, Wyniki najnowszych<br>badań interdyscyplinarnych przeprowadzonych w kościele św. Jakuba w Sandomierzu<br>14.10 Przerwa i dyskusja<br>14:30 dr hab. <strong>Barbara Widera</strong>, prof. PWr, Tradycja i nowatorstwo willi Alberta Einsteina w Caputh (1929)<br>14.50 dr hab. <strong>Ulrich Schaaf</strong>, prof. UMK, Prefabrykowana przez firmę Christoph &amp; Unmack dawna willa<br>Waltera Hentschla na ul. Chopina 26 we Wrocławiu. Dzieje jej budowy i technika budowlana w świetle<br>badań architektonicznych<br>15:10 dr inż. arch. <strong>Zygmunt Łuniewicz</strong>, Blanki, korony i latarnia na Faros – problem istnienia „Grupy&#8221; wczesnosnowożytnych zwieńczeń wieżowych<br>15.30 dr inż. arch. <strong>Inna Abramiuk</strong>, Modernizm w architekturze Gorzowa Wielkopolskiego<br>15.50 mgr <strong>Szymon Bakalarczyk</strong>, Pałac Lenhndorffów w Sztynorcie &#8211; aktualny stan badań i problematyka<br>konserwatorska stan badań oraz prace konsewatorsko-budowlane<br>16.10 Zakończenie konferencji</p>



<p></p>

<p>PROGRAM 23 marca 2023 (obrady on line) 10:00 Powitanie uczestników i rozpoczęcie obrad10.10 prof. dr hab. inż. arch. Aleksander Piwek, Kaplica przy kościele św. Józefa w Gdańsku10.30 dr hab. inż. arch., Anna Bojęś-Białasik ,prof. PK, mgr archeologii Monika Łyczak , Późnoromański portalkościoła ss norbertanek w Krakowie – interwencyjne rozpoznanie archeologiczno-architektoniczne10:50 mgr Natalia Wałdoch, Kolorystyka i&hellip; <a class="more-link" href="https://archresci.pwr.edu.pl/?page_id=127">Czytaj dalej <span class="screen-reader-text">Program 23-25 III 2023</span></a></p>
