{"id":1110,"date":"2026-04-09T15:08:30","date_gmt":"2026-04-09T15:08:30","guid":{"rendered":"https:\/\/archresci.pwr.edu.pl\/?page_id=1110"},"modified":"2026-04-14T20:07:18","modified_gmt":"2026-04-14T20:07:18","slug":"program-23-25-iv","status":"publish","type":"page","link":"https:\/\/archresci.pwr.edu.pl\/?page_id=1110","title":{"rendered":"Program"},"content":{"rendered":"\n\n\n<h2 class=\"wp-block-heading\"><em>23 IV 2026<\/em><\/h2>\n\n\n\n<p><strong>10:00 \u2013 10:30 | Otwarcie 1. dnia&nbsp; Konferencji (online)<\/strong><\/p>\n\n\n\n<hr class=\"wp-block-separator has-alpha-channel-opacity\"\/>\n\n\n\n<p><strong>10:30 \u2013 10:50 |<\/strong> Andrzej Borkowski<br><em>Ewolucja konwolucyjnych i rekurencyjnych sztucznych sieci neuronowych w kontek\u015bcie BIM: g\u0142\u0119boki wgl\u0105d i nowe narz\u0119dzie Bimetria<\/em><\/p>\n\n\n\n<p><strong>10:50 \u2013 11:10 <\/strong>| Klaudia Korba,&nbsp; Joanna Barna<br><em>Cyfrowe metody dokumentacji architektury zabytkowej. Analiza narz\u0119dzi oraz studium przypadk\u00f3w Ko\u015bcio\u0142a Mariackiego i Sukiennic w Krakowie na podstawie \u017ar\u00f3de\u0142 dost\u0119pnych online<\/em><\/p>\n\n\n\n<p><strong>11:10 \u2013 11:30<\/strong> | Karol Argasi\u0144ski, Julian Gajdos, Piotr Marciniak<br><em>Digitalizacja z\u0142o\u017conych struktur sakralnych: integracja skaningu laserowego i fotogrametrii do cyfrowej rekonstrukcji o\u0142tarzy w Sanktuarium Mi\u0142osierdzia Bo\u017cego w Kaliszu na potrzeby druku 3D<\/em><\/p>\n\n\n\n<p><strong>11:30 \u2013 11:50 <\/strong>| Maciej Wcis\u0142o<br><em>Cyfrowe d\u0142uto. Remediacja krakowskiego detalu architektonicznego w dobie generatywnej sztucznej inteligencji i medi\u00f3w immersyjnych<\/em><\/p>\n\n\n\n<p><strong>11:50 \u2013 12:10 <\/strong>| Mateusz Budziakowski<br><em>Ocena warto\u015bci zabytku architektury w procesie karnym<\/em><\/p>\n\n\n\n<p><strong>12:10 \u2013 12:30 | Przerwa<\/strong><\/p>\n\n\n\n<hr class=\"wp-block-separator has-alpha-channel-opacity\"\/>\n\n\n\n<p><strong>12:30 \u2013 12:50 <\/strong>| Monika \u0141yczak, Anna Boj\u0119\u015b-Bia\u0142asik, Danuta Michalska<br><em>Opactwo benedyktyn\u00f3w w Ty\u0144cu \u2013 z XI w XXI wiek<\/em><\/p>\n\n\n\n<p><strong>12:50 \u2013 13:10<\/strong> | Wiktoria Krupa<br><em>Wizualizacja architektoniczna jako narz\u0119dzie badawcze w metodzie research by design<\/em><\/p>\n\n\n\n<p><strong>13:10 \u2013 13:30<\/strong> | Julia Mejer<br><em>Mi\u0119dzy scenografi\u0105 a miastem. Autentyczno\u015b\u0107 wsp\u00f3\u0142czesnego do\u015bwiadczenia architektury narracyjnej Las Vegas<\/em><\/p>\n\n\n\n<p><strong>13:30 \u2013 13:50<\/strong> | Grzegorz Schnotale<br><em>Obrazy kontra s\u0142owa: semantyka wizualna w erze generatywnej sztucznej inteligencji<\/em><\/p>\n\n\n\n<p><strong>13:50 \u2013 14:30 | Przerwa<\/strong><\/p>\n\n\n\n<hr class=\"wp-block-separator has-alpha-channel-opacity\"\/>\n\n\n\n<p><strong>14:30 \u2013 14:50<\/strong> | Agnieszka Adamska-Idzikowska<br><em>Kszta\u0142cenie w zakresie BIM na poziomie akademickim w \u015bwietle bada\u0144 ankietowych: preferencje student\u00f3w i ich oczekiwania zawodowe<\/em><\/p>\n\n\n\n<p><strong>15:10 \u2013 15:30<\/strong> | Anna&nbsp; Boche\u0144ska-Ska\u0142ecka<br><em>Mo\u017cliwo\u015bci i ograniczenia zastosowania LCA (Life Cycle Assesment) jako narz\u0119dzia projektowego w procesie inwestycyjnym, w szczeg\u00f3lno\u015bci w jego wczesnych etapach projektowych.<\/em><\/p>\n\n\n\n<p><strong>15:50 \u2013 16:10<\/strong> | Natalia Przesmycka, Rafa\u0142 Strojny,<br><em>Warsztaty projektowe jako metoda badania preferencji u\u017cytkownik\u00f3w ko\u0144cowych oraz jej wp\u0142yw na proces projektowy budynk\u00f3w i przestrzeni szpitali<\/em><\/p>\n\n\n\n<p><strong>16:10 \u2013 16:30<\/strong> | Natalia Przesmycka, Rafa\u0142 Strojny, Natalia Jakubiak<br><em>Wykorzystanie metody ilo\u015bciowo \u2013 por\u00f3wnawczej do rozpoznawania wzorc\u00f3w rewitalizacji na przyk\u0142adzie dawnych szpitali psychiatrycznych<\/em><\/p>\n\n\n\n<p><strong>16:30 \u2013 16:50<\/strong> | Beata Makowska<br><em>Wykorzystanie bada\u0144 genealogicznych i archiwalnych w ochronie dziedzictwa architekt\u00f3w i budowniczych \u017cydowskiego pochodzenia w Krakowie z okresu 1930-1945<\/em><\/p>\n\n\n\n<p><strong>16:50 | Zako\u0144czenie 1. dnia konferencji<\/strong><\/p>\n\n\n\n<h2 class=\"wp-block-heading\"><em>24 IV 2026<\/em><\/h2>\n\n\n\n<p><strong>10:00 \u2013 10:30 | Otwarcie 2. dnia&nbsp; Konferencji&nbsp;<\/strong><\/p>\n\n\n\n<hr class=\"wp-block-separator has-alpha-channel-opacity\"\/>\n\n\n\n<p><strong>10:30 \u2013 10:50<\/strong> | Jan Szot, Karol Argasi\u0144ski<br><em>Dwukierunkowa integracja BIM-GIS do zarz\u0105dzania i konserwacji zabytk\u00f3w architektury przy u\u017cyciu otwartych standard\u00f3w i podej\u015bcia \u201escan-to-BIM\u201d<\/em><\/p>\n\n\n\n<p><strong>10:50 \u2013 11:10<\/strong> | Magdalena Soko\u0142owska<br><em>Problematyka konserwatorska etapu realizacji prac remontowych i konserwatorskich w budynku szkieletowym przy ul. Ratuszowej 11 w My\u015bliborzu<\/em><\/p>\n\n\n\n<p><strong>11:10 \u2013 11:30<\/strong> | Dominika Ku\u015bnierz-Krupa, Micha\u0142 Krupa<br><em>Procedura naukowa jako \u015brodek do pog\u0142\u0119bienia wiedzy w zakresie ochrony dziedzictwa kulturowego&nbsp; przy jednoczesnym wsparciu dla w\u0142a\u015bcicieli i projektant\u00f3w<\/em><\/p>\n\n\n\n<p><strong>11:30 \u2013 11:50<\/strong> | Monika Neff, Iwona Krawiec, Emilia Oniszczuk<br><em>Techniki cyfrowe jako narz\u0119dzia wspomagaj\u0105ce badania nad przesz\u0142o\u015bci\u0105 architektury. Pawilon chirurgiczny dawnego Warszawskiego Wojskowego Szpitala Ujazdowskiego<\/em><\/p>\n\n\n\n<p><strong>12:00 \u2013 12:30 | Przerwa<\/strong><\/p>\n\n\n\n<hr class=\"wp-block-separator has-alpha-channel-opacity\"\/>\n\n\n\n<p><strong>12:30 \u2013 12:50<\/strong> | Iwona Krawiec, Leszek W\u0142ochy\u0144ski<br><em>Od dworu obronnego do zespo\u0142u pa\u0142acowego. Geneza i przekszta\u0142cenia zespo\u0142u pa\u0142acowego w Mordach w \u015bwietle bada\u0144 architektonicznych<\/em><\/p>\n\n\n\n<p><strong>12:50 \u2013 13:10<\/strong> | Marek Bara\u0144ski, Krzysztof Bratu\u015b, Patryk Bratus&nbsp;<\/p>\n\n\n\n<p><em>Wizualna dynamika relief\u00f3w perystylowego dachu \u015bwi\u0105tyni Bela w Palmyrze<\/em><\/p>\n\n\n\n<p><strong>13:10 \u2013 13:30<\/strong> | Ma\u0142gorzata Doroz-Turek<br><em>Wyniki bada\u0144 architektonicznych skrzyd\u0142a wschodniego klasztoru OO. Dominikan\u00f3w w sezonie 2024-2025. Uwagi dotycz\u0105ce przeobra\u017ce\u0144 zachowanej cz\u0119\u015bci klasztoru z piwnic\u0105 na jednym filarze<\/em><\/p>\n\n\n\n<p><strong>13:30 \u2013 14:30 | Przerwa<\/strong><\/p>\n\n\n\n<hr class=\"wp-block-separator has-alpha-channel-opacity\"\/>\n\n\n\n<p><strong>14:30 \u2013 14:50 <\/strong>| Dominika Cieplak<br><em>Przesz\u0142o\u015b\u0107 zapisana w krajobrazie wsi. Zintegrowane metody rekonstrukcji historycznych uk\u0142ad\u00f3w ruralistycznych na przyk\u0142adzie wysiedlonych wsi \u0142emkowskich<\/em><\/p>\n\n\n\n<p><strong>14:50 \u2013 15:10<\/strong> | Krzysztof Wro\u0144ski<br><em>\u0179r\u00f3d\u0142a w procesie bada\u0144 nad (nie)zachowan\u0105 architektur\u0105 historyczn\u0105<\/em><\/p>\n\n\n\n<p><strong>15:10 \u2013 15:30<\/strong> | Magdalena Bartnik<br><em>Dualizm regulacyjny w zakresie sytuowania tablic i urz\u0105dze\u0144 reklamowych. Analiza por\u00f3wnawcza uchwa\u0142y krajobrazowej i uchwa\u0142 o parkach kulturowych na przyk\u0142adzie Krakowa<\/em><\/p>\n\n\n\n<p><strong>15:30 \u2013 15:50 <\/strong>| Dominik Pierzchlewicz<br><em>Design for Disassembly w architekturze ceglanej: detale projektowe wspieraj\u0105ce cyrkularno\u015b\u0107 materia\u0142\u00f3w budowlanych<\/em><\/p>\n\n\n\n<p><strong>15:50 \u2013 16:10 <\/strong>| Jakub Br\u00f3dka<br><em>Architektura indywidualnie zaprojektowanych dom\u00f3w jednorodzinnych z okresu PRL. Wyzwania badawcze i metodyka na przyk\u0142adzie bada\u0144 obiekt\u00f3w z obszaru wojew\u00f3dztwa \u015bl\u0105skiego<\/em><\/p>\n\n\n\n<p><strong>16:30 | Zako\u0144czenie 2. dnia konferencji<\/strong><\/p>\n\n\n\n<p class=\"has-large-font-size\"><\/p>\n\n\n\n<h2 class=\"wp-block-heading\"><em>25 IV 2026<\/em><\/h2>\n\n\n\n<p class=\"has-large-font-size\"><strong>PANEL 1 (s.001)<\/strong><\/p>\n\n\n\n<p><strong>9:00 \u2013 9:30 | Otwarcie Konferencji (Wsp\u00f3lne dla paneli 1 i 2 s.001)&nbsp;<\/strong><\/p>\n\n\n\n<hr class=\"wp-block-separator has-alpha-channel-opacity\"\/>\n\n\n\n<p><strong>9:30 \u2013 9:50<\/strong> |Piotr Marciniak, Katarzyna Kapusta, Piotr Niemejski&nbsp;<\/p>\n\n\n\n<p><em>Monitorowanie i modelowanie budynk\u00f3w historycznych na przyk\u0142adzie ko\u015bcio\u0142a w Witnie. Postulaty badawcze<\/em><\/p>\n\n\n\n<p><strong>9:50 \u2013 10:10<\/strong> | Viktoriia Berbets,<br><em>Mapowanie GIS Historycznych Fortyfikacji Miejskich jako Narz\u0119dzie Analityczne w Badaniach Przestrzeni Miejskiej<\/em><\/p>\n\n\n\n<p><strong>10:10 \u2013 10:30<\/strong> | Mohammad Mahdi Mohammadi, Maciej Janowski<\/p>\n\n\n\n<p><em>Ocena niezawodno\u015bci prognoz wentylacji opartych na sztucznej inteligencji za pomoc\u0105 analizy por\u00f3wnawczej CFD<\/em><\/p>\n\n\n\n<p><strong>10:30 \u2013 10:50<\/strong> | Alicja Traczyk&nbsp;<\/p>\n\n\n\n<p><em>Analiza krajobrazu d\u017awi\u0119kowego parku miejskiego poprzez sie\u0107 tre\u015bci generowanych przez u\u017cytkownik\u00f3w<\/em><\/p>\n\n\n\n<p><strong>11:00 \u2013 11:30 | Przerwa kawowa<\/strong><\/p>\n\n\n\n<hr class=\"wp-block-separator has-alpha-channel-opacity\"\/>\n\n\n\n<p><strong>11:30 \u2013 11:50<\/strong> | Agnieszka Rumie\u017c<br><em>MODELLING INTUITIVE DESIGN PROCESSES IN ARCHITECTURE<\/em><\/p>\n\n\n\n<p><strong>11:50 \u2013 12:10<\/strong> |Karol Argasi\u0144ski, Daria Maksymchuk, Piotr Marciniak<br><em>Od chmury punkt\u00f3w do parametrycznego modelu: proces tworzenia Heritage BIM Sanktuarium Mi\u0142osierdzia Bo\u017cego w Kaliszu<\/em><\/p>\n\n\n\n<p><strong>12:10 \u2013 12:30<\/strong> | Mo Zhou, Quan Wen, Ngiep Poutrethea<br><em>Digital Protection Strategies for Historically and Culturally Famous Towns under Narrative Scenes: A Case Study of Fengsheng Ancient Town<\/em><\/p>\n\n\n\n<p><strong>12:40 \u2013 13:40 | Przerwa obiadowa<\/strong><\/p>\n\n\n\n<hr class=\"wp-block-separator has-alpha-channel-opacity\"\/>\n\n\n\n<p><strong>13:40 \u2013 14:00<\/strong> | Alicja Kozarzewska, Piotr Kozarzewski<br><em>Jak rynkowe \u201etrz\u0119sienia ziemi\u201d kszta\u0142towa\u0142y sektor dom\u00f3w jednorodzinnych w ci\u0105gu ostatnich lat?<\/em><\/p>\n\n\n\n<p><strong>14:00 \u2013 14:20<\/strong> | Hanna Grzeszczuk-Brendel<br><em>Ideologia architektury mieszkaniowej w programach nazistowskich<\/em><\/p>\n\n\n\n<p><strong>14:20 \u2013 14:40<\/strong> | Szymon Kici\u0144ski<br><em>Predykcja preferencji estetycznej na bazie cech formalnych elewacji budynk\u00f3w<\/em><\/p>\n\n\n\n<p><strong>14:50 \u2013 15:20 | Przerwa kawowa<\/strong><\/p>\n\n\n\n<hr class=\"wp-block-separator has-alpha-channel-opacity\"\/>\n\n\n\n<p><strong>15:20 \u2013 15:40<\/strong> | Adrianna Brechelke-Wojtczak, Anna Dzikowska<br><em>Waloryzacja etap\u00f3w odbudowy i wsp\u00f3\u0142czesnej przestrzeni miejskiej przy u\u017cyciu autorskiej analizy pomiarowej<\/em><\/p>\n\n\n\n<p><strong>15:40 \u2013 16:00<\/strong> | Hanna Czerniakowska<br><em>Krytyczna ocena narz\u0119dzi badawczych w urbanistyce w kontek\u015bcie planowania inkluzywnego<\/em><\/p>\n\n\n\n<p><strong>16:00 \u2013 16:20<\/strong> | Sahar Rokh, Marta Pieczara, Bartosz Ka\u017amierczak<br><em>Od Miast Inteligentnych do M\u0105drych: Perspektywa Spo\u0142eczno-Techniczna Transformacji Miast<\/em><\/p>\n\n\n\n<p><strong>16:30 | Zako\u0144czenie Panelu 1 i 2<\/strong><\/p>\n\n\n\n<p class=\"has-large-font-size\"><strong>PANEL 2 (s.105\/106)<\/strong><\/p>\n\n\n\n<p><strong>9:00 \u2013 9:30 | Otwarcie Konferencji (Wsp\u00f3lne dla paneli 1 i 2 s.001)<\/strong><\/p>\n\n\n\n<hr class=\"wp-block-separator has-alpha-channel-opacity\"\/>\n\n\n\n<p><strong>9:30 \u2013 9:50<\/strong> | Jagoda Ciechanowska, Aleksandra Marcin\u00f3w,&nbsp;<br><em>Konserwacja zachowawcza i interdyscyplinarne badania portalu Wendla Roskopfa z zamku Grodziec<\/em><\/p>\n\n\n\n<p><strong>9:50 \u2013 10:10<\/strong> | Alicja Hoyenski, Anna Ma\u0142achowicz<\/p>\n\n\n\n<p><em>Wykorzystanie bada\u0144 w procesie zabezpieczenia i przebudowy oficyny dworu Starost\u00f3w w Mi\u0119dzyrzeczu<\/em><\/p>\n\n\n\n<p><strong>10:10 \u2013 10:30<\/strong> | Maja Piechowiak,<br><em>Badanie przestrzeni architektonicznej z wykorzystaniem eseju filmowego jako narz\u0119dzia interpretacji<\/em><\/p>\n\n\n\n<p><strong>10:30 \u2013 10:50<\/strong> | Ewa \u0141u\u017cyniecka<br><em>Badania ratownicze a architektoniczna jednostka stratygraficzna<\/em><\/p>\n\n\n\n<p><strong>11:00 \u2013 11:30 | Przerwa kawowa<\/strong><\/p>\n\n\n\n<hr class=\"wp-block-separator has-alpha-channel-opacity\"\/>\n\n\n\n<p><strong>11:30 \u2013 11:50<\/strong> | Karol Drobniewski, Monika Zawadzka<br><em>[AI]identity &#8211; interpretacja to\u017csamo\u015bci fasad miejskich przy u\u017cyciu algorytm\u00f3w<\/em><\/p>\n\n\n\n<p><strong>11:50 \u2013 12:10<\/strong> | Marcin Giedrowicz, Wojciech Sk\u00f3rzewski<br><em>Algorytmiczna analiza i optymalizacja relacji funkcjonalnych w strukturze miasta z wykorzystaniem narz\u0119dzi parametrycznych<\/em><\/p>\n\n\n\n<p><strong>12:10 \u2013 12:30<\/strong> | Angelika Lasiewicz-Sych, Mi\u0142osz Sadowski<br><em>Wielokryterialna analiza potencja\u0142u integracyjnego przestrzeni osiedla mieszkaniowego<\/em><\/p>\n\n\n\n<p><strong>12:40 \u2013 13:40 | Przerwa obiadowa<\/strong><\/p>\n\n\n\n<hr class=\"wp-block-separator has-alpha-channel-opacity\"\/>\n\n\n\n<p><strong>13:40 \u2013 14:00<\/strong> | Maciej Motak<br><em>Upami\u0119tnienie krakowskich architekt\u00f3w i budowniczych pochodzenia \u017cydowskiego w przestrzeni miejskiej<\/em><\/p>\n\n\n\n<p><strong>14:00 \u2013 14:20<\/strong> | Magdalena Raczkowska<br><em>Jak rejestrowa\u0107 dziedzictwo przemys\u0142owe? Autorska propozycja karty ewidencyjnej<\/em><\/p>\n\n\n\n<p><strong>14:20 \u2013 14:40<\/strong> | Piotr Sam\u00f3l, Bogumi\u0142a M\u0105czkowska<br><em>Architektura gotyckiego ko\u015bcio\u0142a \u015bw. Miko\u0142aja w I\u0142awie w ko\u0144cu \u015bredniowiecza. Jak badania architektoniczne wp\u0142ywaj\u0105 na postrzeganie zabytku.<\/em><\/p>\n\n\n\n<p><strong>14:50 \u2013 15:20 | Przerwa kawowa<\/strong><\/p>\n\n\n\n<hr class=\"wp-block-separator has-alpha-channel-opacity\"\/>\n\n\n\n<p><strong>15:20 \u2013 15:40<\/strong> | Sahar Movafagh, Mohammadhossein Fallahi, Maciej Janowski<br><em>Miejskie wyspy ciep\u0142a, zdrowie i wiek: dowody naukowe i luki badawcze w polskich miastach<\/em><\/p>\n\n\n\n<p><strong>15:40 \u2013 16:00<\/strong> | Anna Stefa\u0144ska<br><em>Poszukiwanie potencja\u0142u energetycznego miasta: mo\u017cliwe do odzysku \u017ar\u00f3d\u0142a energii odnawialnej i odpadowej w mikro\u015brodowiskach miejskich<\/em><\/p>\n\n\n\n<p><strong>16:00 \u2013 16:20<\/strong> | Anna Rubczak<br><em>Poszukiwanie modelu transformacji ma\u0142ych miast p\u00f3\u0142nocnej Polski, w kt\u00f3rych funkcjonowa\u0142y cukrownie<\/em><\/p>\n\n\n\n<p><\/p>\n\n\n\n<p><strong>16:30 | Zako\u0144czenie Panelu 1 i 2<\/strong><\/p>\n\n\n\n<p><\/p>\n","protected":false},"excerpt":{"rendered":"<p>23 IV 2026 10:00 \u2013 10:30 | Otwarcie 1. dnia&nbsp; Konferencji (online) 10:30 \u2013 10:50 | Andrzej BorkowskiEwolucja konwolucyjnych i rekurencyjnych sztucznych sieci neuronowych w kontek\u015bcie BIM: g\u0142\u0119boki wgl\u0105d i nowe narz\u0119dzie Bimetria 10:50 \u2013 11:10 | Klaudia Korba,&nbsp; Joanna BarnaCyfrowe metody dokumentacji architektury zabytkowej. Analiza narz\u0119dzi oraz studium przypadk\u00f3w Ko\u015bcio\u0142a Mariackiego i Sukiennic w&hellip; <a class=\"more-link\" href=\"https:\/\/archresci.pwr.edu.pl\/?page_id=1110\">Czytaj dalej <span class=\"screen-reader-text\">Program<\/span><\/a><\/p>\n","protected":false},"author":7,"featured_media":0,"parent":0,"menu_order":0,"comment_status":"closed","ping_status":"closed","template":"","meta":{"_eb_attr":"","footnotes":""},"class_list":["post-1110","page","type-page","status-publish","hentry","entry"],"_links":{"self":[{"href":"https:\/\/archresci.pwr.edu.pl\/index.php?rest_route=\/wp\/v2\/pages\/1110","targetHints":{"allow":["GET"]}}],"collection":[{"href":"https:\/\/archresci.pwr.edu.pl\/index.php?rest_route=\/wp\/v2\/pages"}],"about":[{"href":"https:\/\/archresci.pwr.edu.pl\/index.php?rest_route=\/wp\/v2\/types\/page"}],"author":[{"embeddable":true,"href":"https:\/\/archresci.pwr.edu.pl\/index.php?rest_route=\/wp\/v2\/users\/7"}],"replies":[{"embeddable":true,"href":"https:\/\/archresci.pwr.edu.pl\/index.php?rest_route=%2Fwp%2Fv2%2Fcomments&post=1110"}],"version-history":[{"count":12,"href":"https:\/\/archresci.pwr.edu.pl\/index.php?rest_route=\/wp\/v2\/pages\/1110\/revisions"}],"predecessor-version":[{"id":1143,"href":"https:\/\/archresci.pwr.edu.pl\/index.php?rest_route=\/wp\/v2\/pages\/1110\/revisions\/1143"}],"wp:attachment":[{"href":"https:\/\/archresci.pwr.edu.pl\/index.php?rest_route=%2Fwp%2Fv2%2Fmedia&parent=1110"}],"curies":[{"name":"wp","href":"https:\/\/api.w.org\/{rel}","templated":true}]}}